k.
22
Suppose 5*f = 2*r + 102, -2*f - 7*r + 2*r = -35. Suppose -58 + f = -2*k. Suppose -k = 3*n - 124. Calculate the remainder when n is divided by 12.
11
Suppose -55*z - 203900 = -99*z - 56*z. What is the remainder when z is divided by 13?
11
Let p(a) = 356*a**2 - 7 - 359*a**2 + 7*a + 10*a. Calculate the remainder when p(4) is divided by 8.
5
Suppose -3 + 1 = -w. Suppose -4*l + 3*l = 4*h - 91, w*l + 2*h = 152. What is the remainder when l is divided by 15?
11
Let v be 18/3*(-8)/16*1. Let x = 41 - 44. Calculate the remainder when 87 - v/x*1 is divided by 30.
26
Let x(o) = -o + 24. Let b be x(9). Suppose -b*w = -797 - 1183. Calculate the remainder when w is divided by 34.
30
Suppose -5*r = -2*l + 29, 27 = 4*l - 2*r - 23. Calculate the remainder when 116 is divided by (-2)/(-5)*-15 + l*6.
50
Let n(o) = o**3 - 85*o**2 - 953*o + 311. Calculate the remainder when 630/5 + -1*2 is divided by n(95).
20
Suppose 15*b = -88*b + 23*b + 1600. What is the remainder when 17638 is divided by b?
18
Suppose 44 = -24*r + 875 + 225. What is the remainder when 3291 is divided by r?
35
Suppose f + g - 4 = -0*g, 2*g = 4*f - 4. Suppose 3*q - b + f*b - 281 = 0, -q + 4*b = -85. Let o = -130 + 162. Calculate the remainder when q is divided by o.
29
Suppose l = q - 23 - 13, 8*q = -4*l + 360. What is the remainder when 2809 is divided by q?
37
Let w(k) = -34 - 35 + 34*k + 71. What is the remainder when w(2) is divided by 18?
16
Let c = 160098 + -159930. Let o = 101 + -33. Suppose -g - 3*g + o = 0. What is the remainder when c is divided by g?
15
Suppose 0 = -2*s + 3*s - 110. Suppose 2*c + 394 = 4*c. Let h = c - 160. Calculate the remainder when s is divided by h.
36
Let f(r) = 26*r**3 + r**2 - r + 1. Let i(j) = -3*j**2 - 33*j - 6. What is the remainder when i(-8) is divided by f(1)?
12
Suppose 324 = -4*d - 2*j, 0 = -j - 2*j. Let l = 81 + d. What is the remainder when 11 is divided by 3 + l + -6 + (-3 - -11)?
1
Calculate the remainder when 3/15*5*7452/18 is divided by 142.
130
Suppose 5*y = 149 + 46. Let a(s) = -294*s - 112. Let l be a(-3). Suppose l = -78*k + 83*k. Calculate the remainder when k is divided by y.
37
Suppose 0 = -2*g + 25*g - 106 - 9. What is the remainder when (-1*3)/(3/(-17)) is divided by g?
2
Let y = -541 + 215. Let v = y + 340. Calculate the remainder when v is divided by 1/(-4) + 126/24.
4
Let f(v) = v**2 - 8*v + 99. Suppose 0 = -19*x + 279 - 13. Calculate the remainder when f(x) is divided by 23.
22
Let d = -15576 + 15769. Calculate the remainder when 225 is divided by d.
32
Suppose 5*t = -2*l + 89, -2*t + 3*l = -3*t + 10. Suppose -55*x - 57*x + 212 = -348. What is the remainder when t is divided by x?
4
Let y = -3530 + 3476. Suppose 4*d = -4*o - 248, 6*o - 3*o + 2*d + 189 = 0. Let a = y - o. Calculate the remainder when 17 is divided by a.
6
What is the remainder when 185 is divided by (20790/(-20))/(-11) - (-2)/(-4)?
91
Let q = 1032 - 1028. Suppose 47 = 3*m - 3*w - 124, -q*m - 5*w + 219 = 0. Calculate the remainder when m is divided by (2/(-4))/((-1)/64).
24
Let f be (-2)/(-4) + (-3043)/(-34). Let o = -50 + f. Let b = -21 + o. What is the remainder when 113 is divided by b?
18
Suppose -c = 15 - 19. What is the remainder when ((-38)/c + 2)*(-800)/24 is divided by 51?
46
Suppose 3780 = 34*p - 3326. What is the remainder when 574 is divided by p?
156
Let m(l) = l**3 + l + 22 - 1346*l**2 + 663*l**2 + 671*l**2. What is the remainder when 130 is divided by m(12)?
28
Let m(s) = -46*s - 30. Let v be m(6). What is the remainder when 200 is divided by 1*-2*8/(96/v)?
47
Let m(z) = -z**3 - 11*z**2 - z. Let s(a) = 4*a - 28. Let g be s(6). Let h be g/12 - 32/3. What is the remainder when 37 is divided by m(h)?
4
Suppose -v + u - 4*u + 1 = 0, v + u - 1 = 0. Let i(s) = 16*s + 2. Let p(a) = a**3 + a**2 - 3*a + 6. Calculate the remainder when p(5) is divided by i(v).
15
Let u be (-2 + 6/4)/(9/90). Calculate the remainder when 185 is divided by (-407)/(-11) - (10 + u).
25
Calculate the remainder when 1082 - (-1 - 12/(-9))*-9 is divided by 541.
3
Let u = 260 + -264. Calculate the remainder when ((-14)/u)/(1/(-92)*-2) is divided by 27.
26
Suppose -232*u - 73288 = -170663 - 132305. Calculate the remainder when u is divided by 9.
0
Let w = -19693 - -24934. What is the remainder when w is divided by 24?
9
Suppose 2*m + 12708 = 5*l, 5743 + 6970 = 5*l + 3*m. Calculate the remainder when l is divided by 232.
222
What is the remainder when 7 is divided by -18*((18 - 10) + (-75)/9)?
1
Let b be (-7 + (-114)/(-12))/((-5)/(-4)). What is the remainder when ((2 - b) + 2)/(29/551) is divided by 16?
6
Let g be (-1)/(-4) - (-63)/4. Let p = 36 - g. What is the remainder when 536/4 - (1 - 6) is divided by p?
19
Let i = -52 - -52. Suppose 5*b + 168 + 147 = 5*o, i = 3*o + b - 185. What is the remainder when o is divided by 17?
11
Let d(l) = 3*l**3 + 4*l**2 - 3*l - 15. Let c be d(3). What is the remainder when c + (2 - (-18)/6) is divided by 26?
20
Let j be 228/15 + 5/(-25). Let q be (-230)/j - 20/12. Let v = -11 - q. What is the remainder when v is divided by 4?
2
Suppose -2904 = 21*v - 33858. What is the remainder when v is divided by 82?
80
Let g be -5*15/(-25) + -34. Let n = 41 + g. Calculate the remainder when 59 is divided by n.
9
Suppose -5*k + 185 = -2*c, -3*k + 64 = -5*c - 408. Let n = c - -119. Calculate the remainder when 237 is divided by n.
21
Let q be 8/32 - (0 - 2/(-8)). Suppose 5*m + 5*n - 60 = q, 2*n = 5*m - 2*n - 105. What is the remainder when 48 is divided by m?
14
Let u(m) = m**3 - 2*m. Let n(w) = -4*w**3 + 3*w**2 + 5*w + 10. Let h(p) = -n(p) - 2*u(p). Calculate the remainder when 14 is divided by h(3).
0
Let a(v) = -3*v**3 - 211*v**2 - 65*v + 367. Calculate the remainder when 7120 is divided by a(-70).
14
Let l = 15 + -11. Let u(c) be the second derivative of -c**5/20 + 7*c**4/12 - c**3 + 3*c**2/2 + 350*c. Calculate the remainder when u(l) is divided by 10.
7
Let s(o) = o**3 + 22*o**2 + 86*o + 29. Calculate the remainder when 118 is divided by s(-17).
10
Let l(i) = -i**2 + 4*i + 4. Let v be l(4). Suppose 745 = v*b + m, -2*m = 5*b - 393 - 536. Calculate the remainder when b is divided by 10.
7
Let d = 20 - 18. Suppose 4*x - 60 = -d*r - 2*r, -3*x = 5*r - 45. Calculate the remainder when 343 is divided by x.
13
Let r = 31 - 27. Suppose r + 26 = 2*q. Suppose -7 = 5*f - 2, 365 = 5*u - 5*f. What is the remainder when u is divided by q?
12
Suppose 4*r - 1035 = 1117. Calculate the remainder when r is divided by 106.
8
Let h be 31/4 + 1/(-8)*-2. What is the remainder when 36 is divided by 581/28 - 2/h*3?
16
Let h be (8/12)/(2/45). Suppose -u - 28 = -h*u. Suppose -2*n = -3*x + 146, 5*x = 3*n - u*n + 234. Calculate the remainder when 91 is divided by x.
45
Let m(a) = 15*a**2 + 33*a + 41. What is the remainder when m(7) is divided by 121?
39
Let p be ((-4)/3)/((-45)/(-27) + -1). Let c(s) = 48*s**2 + 3*s + 9. What is the remainder when c(p) is divided by 18?
15
Let h = -1645 - -1652. What is the remainder when 238 is divided by h?
0
Let c be (-150)/20*(-3)/(18/(-44)). Let o = -22 - -6. Let l = o - c. What is the remainder when 112 is divided by l?
34
Suppose -6*j + j + 1770 = 0. Let i(k) = -k**3 - 13*k**2 - 36*k + 3. Calculate the remainder when j is divided by i(-3).
18
Suppose -1 - 10 = t. Let j(r) = r**3 + 10*r**2 - 13*r - 8. Suppose 3*y + 5*m + 25 = 187, 0 = -3*m. What is the remainder when y is divided by j(t)?
12
What is the remainder when 11338 is divided by ((-8)/(-3))/(168/13230)?
208
Let r = -70 + 106. Suppose 6226 = r*b - 3962. Calculate the remainder when b is divided by 98.
87
What is the remainder when 370 is divided by 128 + -8*3/(-24) + -7?
4
Let o(b) = 30*b**2 + 44*b + 70. Calculate the remainder when 121 is divided by o(-2).
19
Let z = 174 - 170. Suppose -z*f = 4*k + 26 - 274, -4*f + 71 = k. Calculate the remainder when k is divided by 12.
11
Suppose -4*h = -39*f + 40*f - 19767, 2*f - 19758 = -4*h. Calculate the remainder when h is divided by 23.
22
Let z = 2820 - 2806. Calculate the remainder when 537 is divided by z.
5
Suppose -2*a + 45 = a. Let z = 202 + 85. Suppose a*n - z = 8*n. What is the remainder when n is divided by 15?
11
Suppose -26*f = -24*f - 15*t - 840, 4*f - 1884 = -4*t. What is the remainder when f is divided by 28?
17
Let l = 15 + 10. Calcu